 the tens digit of 1743109037?
3
What is the millions digit of 450720287?
0
What is the thousands digit of 971927047?
7
What is the billions digit of 4292853692?
4
What is the millions digit of 31539773?
1
What is the millions digit of 5131972103?
1
What is the hundreds digit of 4382330?
3
What is the ten thousands digit of 138384888?
8
What is the thousands digit of 128480626?
0
What is the hundred thousands digit of 358433513?
4
What is the hundred thousands digit of 381478699?
4
What is the ten thousands digit of 46365183?
6
What is the ten millions digit of 826019867?
2
What is the units digit of 3229469894?
4
What is the tens digit of 3031582?
8
What is the hundred thousands digit of 30620169?
6
What is the hundred thousands digit of 467398437?
3
What is the thousands digit of 3326484391?
4
What is the tens digit of 1980432244?
4
What is the millions digit of 578336057?
8
What is the ten millions digit of 156541092?
5
What is the hundreds digit of 20626048?
0
What is the units digit of 66837152?
2
What is the hundred millions digit of 301599872?
3
What is the hundred thousands digit of 6662075623?
0
What is the tens digit of 630974466?
6
What is the hundreds digit of 9329303?
3
What is the hundreds digit of 8312857?
8
What is the thousands digit of 251887550?
7
What is the ten thousands digit of 227786030?
8
What is the thousands digit of 470069676?
9
What is the units digit of 171254888?
8
What is the ten millions digit of 771757636?
7
What is the thousands digit of 353837026?
7
What is the hundred thousands digit of 40646809?
6
What is the hundred thousands digit of 135298203?
2
What is the hundred millions digit of 4127241550?
1
What is the thousands digit of 945030099?
0
What is the units digit of 16532941?
1
What is the thousands digit of 81596417?
6
What is the ten thousands digit of 67885738?
8
What is the hundreds digit of 18591019?
0
What is the millions digit of 1028114920?
8
What is the tens digit of 22693833?
3
What is the hundred millions digit of 189226875?
1
What is the units digit of 99061330?
0
What is the thousands digit of 1436680565?
0
What is the millions digit of 44190186?
4
What is the ten thousands digit of 469389520?
8
What is the ten millions digit of 1130059373?
3
What is the ten millions digit of 71118847?
7
What is the ten millions digit of 109404195?
0
What is the units digit of 422299911?
1
What is the tens digit of 377654163?
6
What is the hundred thousands digit of 668852566?
8
What is the ten thousands digit of 55325038?
2
What is the billions digit of 1285212820?
1
What is the units digit of 15831954?
4
What is the hundreds digit of 56441097?
0
What is the tens digit of 2650103989?
8
What is the hundreds digit of 72340342?
3
What is the tens digit of 821358462?
6
What is the ten thousands digit of 82460473?
6
What is the hundreds digit of 313659727?
7
What is the hundreds digit of 84514505?
5
What is the ten millions digit of 94419041?
9
What is the ten thousands digit of 379420073?
2
What is the ten thousands digit of 129130862?
3
What is the thousands digit of 465978566?
8
What is the millions digit of 271899822?
1
What is the ten millions digit of 563661611?
6
What is the millions digit of 343690074?
3
What is the millions digit of 464693683?
4
What is the thousands digit of 41125301?
5
What is the ten thousands digit of 90674865?
7
What is the ten millions digit of 385709925?
8
What is the millions digit of 174986812?
4
What is the units digit of 317500542?
2
What is the units digit of 1011608899?
9
What is the ten millions digit of 49046404?
4
What is the thousands digit of 45405307?
5
What is the ten millions digit of 84511969?
8
What is the hundred millions digit of 5597680286?
5
What is the tens digit of 297441443?
4
What is the ten millions digit of 111405460?
1
What is the millions digit of 1239191196?
9
What is the hundred thousands digit of 66738482?
7
What is the thousands digit of 5587366511?
6
What is the ten thousands digit of 51215755?
1
What is the units digit of 351605557?
7
What is the units digit of 93460039?
9
What is the ten millions digit of 1225049964?
2
What is the hundreds digit of 4911?
9
What is the millions digit of 1094187678?
4
What is the thousands digit of 81983607?
3
What is the ten millions digit of 17891586?
1
What is the thousands digit of 73029289?
9
What is the units digit of 25893428?
8
What is the hundreds digit of 571392981?
9
What is the thousands digit of 423290161?
0
What is the ten thousands digit of 611971011?
7
What is the millions digit of 2019661389?
9
What is the ten thousands digit of 560790090?
9
What is the units digit of 5508894243?
3
What is the millions digit of 38919771?
8
What is the thousands digit of 298812427?
2
What is the ten thousands digit of 455539157?
3
What is the units digit of 128651022?
2
What is the ten thousands digit of 54526052?
2
What is the ten thousands digit of 636769110?
6
What is the ten millions digit of 230559646?
3
What is the hundred thousands digit of 260766002?
7
What is the millions digit of 2300936727?
0
What is the ten thousands digit of 30834579?
3
What is the billions digit of 1445432793?
1
What is the billions digit of 2066665226?
2
What is the ten millions digit of 57032011?
5
What is the millions digit of 117792556?
7
What is the hundred thousands digit of 138976633?
9
What is the millions digit of 1461221?
1
What is the hundreds digit of 152091219?
2
What is the ten thousands digit of 1468417685?
1
What is the tens digit of 503916653?
5
What is the hundred millions digit of 858259296?
8
What is the hundred thousands digit of 3256852614?
8
What is the tens digit of 61421616?
1
What is the hundred millions digit of 613312027?
6
What is the millions digit of 4606672474?
6
What is the millions digit of 126800953?
6
What is the hundred thousands digit of 106648771?
6
What is the tens digit of 6363745115?
1
What is the thousands digit of 1234171371?
1
What is the ten thousands digit of 1326308209?
0
What is the hundreds digit of 386160268?
2
What is the hundred millions digit of 920052170?
9
What is the ten thousands digit of 3088493?
8
What is the ten millions digit of 812563777?
1
What is the tens digit of 98784398?
9
What is the millions digit of 3429886045?
9
What is the ten millions digit of 8392916815?
9
What is the ten thousands digit of 2716443138?
4
What is the hundred millions digit of 149706904?
1
What is the ten thousands digit of 1121080894?
8
What is the ten millions digit of 96391546?
9
What is the thousands digit of 27159050?
9
What is the hundreds digit of 27104219?
2
What is the millions digit of 57855966?
7
What is the ten thousands digit of 767441561?
4
What is the millions digit of 155710729?
5
What is the thousands digit of 89846729?
6
What is the ten thousands digit of 7233299?
3
What is the ten millions digit of 4565682979?
6
What is the ten thousands digit of 51337995?
3
What is the hundred thousands digit of 2204854718?
8
What is the ten millions digit of 47343414?
4
What is the tens digit of 209459015?
1
What is the thousands digit of 3491332215?
2
What is the thousands digit of 733652189?
2
What is the hundreds digit of 3263430175?
1
What is the ten millions digit of 7006053070?
0
What is the hundred millions digit of 249131217?
2
What is the units digit of 3362896712?
2
What is the ten millions digit of 51878844?
5
What is the ten thousands digit of 141480361?
8
What is the ten thousands digit of 78885125?
8
What is the hundreds digit of 1069900068?
0
What is the hundreds digit of 90336871?
8
What is the units digit of 389522653?
3
What is the hundred thousands digit of 107892503?
8
What is the hundreds digit of 5516096640?
6
What is the hundreds digit of 421776042?
0
What is the hundreds digit of 63980540?
5
What is the tens digit of 36678131?
3
What is the ten thousands digit of 720124996?
2
What is the ten thousands digit of 75398048?
9
What is the thousands digit of 128483130?
3
What is the hundred millions digit of 164591193?
1
What is the millions digit of 7409356?
7
What is the ten millions digit of 29990667?
2
What is the hundreds digit of 999643890?
8
What is the ten millions digit of 1141495489?
4
What is the thousands digit of 173814949?
4
What is the ten millions digit